{"id":59,"date":"2019-04-26T12:19:39","date_gmt":"2019-04-26T10:19:39","guid":{"rendered":"http:\/\/asso-art.org\/?page_id=59"},"modified":"2019-04-26T15:53:36","modified_gmt":"2019-04-26T13:53:36","slug":"les-membres-fondateurs","status":"publish","type":"page","link":"https:\/\/asso-art.org\/index.php\/les-membres-fondateurs\/","title":{"rendered":"Les membres fondateurs"},"content":{"rendered":"\n<p>L&#8217;association Aimer.Ressentir.Transmettre est n\u00e9e gr\u00e2ce au d\u00e9sir et \u00e0 la rencontre de passionn\u00e9s de l&#8217;Art.<\/p>\n\n\n\n<p>Pr\u00e9sident : Denis Durand, galeriste<br><br>Vice- Pr\u00e9sident : Erwan Floc&#8217;h, photographe<\/p>\n\n\n\n<p>Secr\u00e9taire : Elisabeth Dousset, ancienne directrice des Biblioth\u00e8ques de Bourges<\/p>\n\n\n\n<p>Secr\u00e9taire adjoint : Jean Achard, restaurateur, \u00e9tudiant, artiste en herbe<\/p>\n\n\n\n<p>Tr\u00e9sori\u00e8re : Laura Capazza-Durand, galeriste<\/p>\n\n\n\n<p>Tr\u00e9sori\u00e8re adjointe: Sophie Capazza, galeriste<\/p>\n\n\n\n<p>Autres membres fondateurs : G\u00e9rard Capazza, galeriste et Fran\u00e7ois Carr\u00e9, pr\u00e9sident de l&#8217;association Double Coeur<br><\/p>\n\n\n\n<p><\/p>\n","protected":false},"excerpt":{"rendered":"<p>L&#8217;association Aimer.Ressentir.Transmettre est n\u00e9e gr\u00e2ce au d\u00e9sir et \u00e0 la rencontre de passionn\u00e9s de l&#8217;Art. Pr\u00e9sident : Denis Durand, galeriste Vice- Pr\u00e9sident : Erwan Floc&#8217;h, photographe Secr\u00e9taire : Elisabeth Dousset, ancienne directrice des Biblioth\u00e8ques de Bourges Secr\u00e9taire adjoint : Jean Achard, restaurateur, \u00e9tudiant, artiste en herbe Tr\u00e9sori\u00e8re : Laura Capazza-Durand, galeriste Tr\u00e9sori\u00e8re adjointe: Sophie Capazza, &hellip; <\/p>\n<p class=\"link-more\"><a href=\"https:\/\/asso-art.org\/index.php\/les-membres-fondateurs\/\" class=\"more-link\">Continue reading<span class=\"screen-reader-text\"> &#8220;Les membres fondateurs&#8221;<\/span><\/a><\/p>\n","protected":false},"author":1,"featured_media":0,"parent":0,"menu_order":0,"comment_status":"closed","ping_status":"closed","template":"","meta":{"footnotes":""},"_links":{"self":[{"href":"https:\/\/asso-art.org\/index.php\/wp-json\/wp\/v2\/pages\/59"}],"collection":[{"href":"https:\/\/asso-art.org\/index.php\/wp-json\/wp\/v2\/pages"}],"about":[{"href":"https:\/\/asso-art.org\/index.php\/wp-json\/wp\/v2\/types\/page"}],"author":[{"embeddable":true,"href":"https:\/\/asso-art.org\/index.php\/wp-json\/wp\/v2\/users\/1"}],"replies":[{"embeddable":true,"href":"https:\/\/asso-art.org\/index.php\/wp-json\/wp\/v2\/comments?post=59"}],"version-history":[{"count":4,"href":"https:\/\/asso-art.org\/index.php\/wp-json\/wp\/v2\/pages\/59\/revisions"}],"predecessor-version":[{"id":65,"href":"https:\/\/asso-art.org\/index.php\/wp-json\/wp\/v2\/pages\/59\/revisions\/65"}],"wp:attachment":[{"href":"https:\/\/asso-art.org\/index.php\/wp-json\/wp\/v2\/media?parent=59"}],"curies":[{"name":"wp","href":"https:\/\/api.w.org\/{rel}","templated":true}]}}

<p>L&#8217;association Aimer.Ressentir.Transmettre est née grâce au désir et à la rencontre de passionnés de l&#8217;Art.</p>



<p>Président : Denis Durand, galeriste<br><br>Vice- Président : Erwan Floc&#8217;h, photographe</p>



<p>Secrétaire : Elisabeth Dousset, ancienne directrice des Bibliothèques de Bourges</p>



<p>Secrétaire adjoint : Jean Achard, restaurateur, étudiant, artiste en herbe</p>



<p>Trésorière : Laura Capazza-Durand, galeriste</p>



<p>Trésorière adjointe: Sophie Capazza, galeriste</p>



<p>Autres membres fondateurs : Gérard Capazza, galeriste et François Carré, président de l&#8217;association Double Coeur<br></p>



<p></p>

<p>L&#8217;association Aimer.Ressentir.Transmettre est née grâce au désir et à la rencontre de passionnés de l&#8217;Art. Président : Denis Durand, galeriste Vice- Président : Erwan Floc&#8217;h, photographe Secrétaire : Elisabeth Dousset, ancienne directrice des Bibliothèques de Bourges Secrétaire adjoint : Jean Achard, restaurateur, étudiant, artiste en herbe Trésorière : Laura Capazza-Durand, galeriste Trésorière adjointe: Sophie Capazza, &hellip; </p>
<p class="link-more"><a href="https://asso-art.org/index.php/les-membres-fondateurs/" class="more-link">Continue reading<span class="screen-reader-text"> &#8220;Les membres fondateurs&#8221;</span></a></p>
