{"id":314,"date":"2022-05-25T14:35:36","date_gmt":"2022-05-25T12:35:36","guid":{"rendered":"https:\/\/asso-art.org\/?post_type=product&#038;p=314"},"modified":"2022-09-18T12:28:56","modified_gmt":"2022-09-18T10:28:56","slug":"jani-la-geometrie-des-reves","status":"publish","type":"product","link":"https:\/\/asso-art.org\/index.php\/product\/jani-la-geometrie-des-reves\/","title":{"rendered":"Jani &#8211; la g\u00e9om\u00e9trie des r\u00eaves"},"content":{"rendered":"","protected":false},"excerpt":{"rendered":"<p>DVD du film sur Jani<br \/>\ndocumentaire en langue fran\u00e7aise (english subtitles)<\/p>\n<p><i>Peindre est pour moi l&#8217;outil pr\u00e9cieux qui me permet de rester connect\u00e9e avec les mondes, de ne pas perdre la sensation du Sacr\u00e9.<\/i> &#8211; Jani<\/p>\n<p>un film de B\u00e9reng\u00e8re Casanova, 2022<\/p>\n","protected":false},"featured_media":315,"comment_status":"closed","ping_status":"closed","template":"","meta":[],"product_cat":[23],"product_tag":[],"_links":{"self":[{"href":"https:\/\/asso-art.org\/index.php\/wp-json\/wp\/v2\/product\/314"}],"collection":[{"href":"https:\/\/asso-art.org\/index.php\/wp-json\/wp\/v2\/product"}],"about":[{"href":"https:\/\/asso-art.org\/index.php\/wp-json\/wp\/v2\/types\/product"}],"replies":[{"embeddable":true,"href":"https:\/\/asso-art.org\/index.php\/wp-json\/wp\/v2\/comments?post=314"}],"wp:featuredmedia":[{"embeddable":true,"href":"https:\/\/asso-art.org\/index.php\/wp-json\/wp\/v2\/media\/315"}],"wp:attachment":[{"href":"https:\/\/asso-art.org\/index.php\/wp-json\/wp\/v2\/media?parent=314"}],"wp:term":[{"taxonomy":"product_cat","embeddable":true,"href":"https:\/\/asso-art.org\/index.php\/wp-json\/wp\/v2\/product_cat?post=314"},{"taxonomy":"product_tag","embeddable":true,"href":"https:\/\/asso-art.org\/index.php\/wp-json\/wp\/v2\/product_tag?post=314"}],"curies":[{"name":"wp","href":"https:\/\/api.w.org\/{rel}","templated":true}]}}